{"id":2821,"date":"2020-01-22T22:30:04","date_gmt":"2020-01-22T21:30:04","guid":{"rendered":"http:\/\/alabanda.cz\/?post_type=product&#038;p=2821"},"modified":"2023-03-03T22:55:29","modified_gmt":"2023-03-03T21:55:29","slug":"amazon-new-kindle-2019-pouzdro","status":"publish","type":"product","link":"https:\/\/alabanda.cz\/index.php\/produkt\/amazon-new-kindle-2019-pouzdro\/","title":{"rendered":"Alabanda R21 pouzdro pro Amazon Kindle 2019\/2020"},"content":{"rendered":"<p><strong>Pouzdro Alabanda R21<\/strong><\/p>\n<p>Pouzdro Alabanda R21 je obal obl\u00edben\u00e9 nacvak\u00e1vac\u00ed konstrukce, kter\u00e1 umo\u017e\u0148uje, aby pouzdro \u010dte\u010dku dob\u0159e chr\u00e1nilo a p\u0159itom bylo skoro neviditeln\u00e9. Minim\u00e1ln\u00ed rozm\u011bry pouzdra zaji\u0161\u0165uj\u00ed, \u017ee va\u0161e \u010dte\u010dka Kindle 2019 nebo Kindle 2020 zbyte\u010dn\u011b nenabude na objemu.<\/p>\n<p><strong>Materi\u00e1l a konstrukce<\/strong><\/p>\n<p>Pouzdro je vyrobeno kombinac\u00ed tvrzen\u00e9ho plastu a um\u011bl\u00e9 k\u016f\u017ee, tato pouzdra b\u00fdvaj\u00ed \u010dasto ozna\u010dena jako Durable nebo Hardcover. Vzhledem ke konstrukci je vhodn\u00e9 pouze pro \u010dte\u010dku Amazon Kindle 2019 a Amazon Kindle 2020, kter\u00e9 je vytvo\u0159eno p\u0159\u00edmo na m\u00edru.<\/p>\n<p>Vnit\u0159ek je ze semi\u0161e \u0161ed\u00e9 barvy, kter\u00fd je \u0161etrn\u00fd k displeji.<\/p>\n<p><strong>Magnetick\u00fd z\u00e1mek a funkce Wakeup\/Sleep<\/strong><\/p>\n<p>Pouzdro je vybaveno magnetick\u00fdm z\u00e1mkem &#8211; p\u0159i sklopen\u00ed (zav\u0159en\u00ed) desek pouzdra, se magnet v lev\u00e9 desce p\u0159ichyt\u00ed na \u010dte\u010dku, pouzdro tak dr\u017e\u00ed zav\u0159en\u00e9 a nehroz\u00ed necht\u011bn\u00e9 otev\u0159en\u00ed pouzdra.<\/p>\n<p>P\u0159edn\u00ed desku je samoz\u0159ejm\u011b mo\u017en\u00e9 odklopit k z\u00e1d\u016fm \u010dte\u010dky a dr\u017eet tak pohodln\u011b \u010dte\u010dku s pouzdrem v jedn\u00e9 ruce.<\/p>\n<p>Pouzdro podporuje funkci Wakeup\/Sleep tedy automatick\u00e9 usp\u00e1n\u00ed a probuzen\u00ed \u010dte\u010dky po zav\u0159en\u00ed, respektive otev\u0159en\u00ed pouzdra.<\/p>\n","protected":false},"excerpt":{"rendered":"<p>Pouzdro Alabanda R21 Pouzdro Alabanda R21 je obal obl\u00edben\u00e9 nacvak\u00e1vac\u00ed konstrukce, kter\u00e1 umo\u017e\u0148uje, aby pouzdro \u010dte\u010dku dob\u0159e chr\u00e1nilo a p\u0159itom&hellip;<\/p>\n","protected":false},"featured_media":4447,"comment_status":"open","ping_status":"closed","template":"","meta":{"om_disable_all_campaigns":false,"_monsterinsights_skip_tracking":false,"_monsterinsights_sitenote_active":false,"_monsterinsights_sitenote_note":"","_monsterinsights_sitenote_category":0},"product_brand":[],"product_cat":[83,60],"product_tag":[],"class_list":{"0":"post-2821","1":"product","2":"type-product","3":"status-publish","4":"has-post-thumbnail","6":"product_cat-pouzdra-pro-tablet-pc-a-ctecky-eknih","7":"product_cat-vsechno","9":"first","10":"outofstock","11":"shipping-taxable","12":"purchasable","13":"product-type-variable","14":"has-default-attributes"},"jetpack_sharing_enabled":true,"_links":{"self":[{"href":"https:\/\/alabanda.cz\/index.php\/wp-json\/wp\/v2\/product\/2821","targetHints":{"allow":["GET"]}}],"collection":[{"href":"https:\/\/alabanda.cz\/index.php\/wp-json\/wp\/v2\/product"}],"about":[{"href":"https:\/\/alabanda.cz\/index.php\/wp-json\/wp\/v2\/types\/product"}],"replies":[{"embeddable":true,"href":"https:\/\/alabanda.cz\/index.php\/wp-json\/wp\/v2\/comments?post=2821"}],"wp:featuredmedia":[{"embeddable":true,"href":"https:\/\/alabanda.cz\/index.php\/wp-json\/wp\/v2\/media\/4447"}],"wp:attachment":[{"href":"https:\/\/alabanda.cz\/index.php\/wp-json\/wp\/v2\/media?parent=2821"}],"wp:term":[{"taxonomy":"product_brand","embeddable":true,"href":"https:\/\/alabanda.cz\/index.php\/wp-json\/wp\/v2\/product_brand?post=2821"},{"taxonomy":"product_cat","embeddable":true,"href":"https:\/\/alabanda.cz\/index.php\/wp-json\/wp\/v2\/product_cat?post=2821"},{"taxonomy":"product_tag","embeddable":true,"href":"https:\/\/alabanda.cz\/index.php\/wp-json\/wp\/v2\/product_tag?post=2821"}],"curies":[{"name":"wp","href":"https:\/\/api.w.org\/{rel}","templated":true}]}}