{"id":6800,"date":"2025-01-27T14:04:42","date_gmt":"2025-01-27T13:04:42","guid":{"rendered":"https:\/\/alabanda.cz\/?post_type=product&#038;p=6800"},"modified":"2026-03-22T21:29:46","modified_gmt":"2026-03-22T20:29:46","slug":"pouzdro-pro-amazon-kindle-paperwhite-2024-colorsoft-b-safe-lock","status":"publish","type":"product","link":"https:\/\/alabanda.cz\/index.php\/produkt\/pouzdro-pro-amazon-kindle-paperwhite-2024-colorsoft-b-safe-lock\/","title":{"rendered":"Pouzdro pro Amazon Kindle Paperwhite 2024\/Colorsoft B-SAFE Lock"},"content":{"rendered":"<p>Lehk\u00e9 a z\u00e1rove\u0148 odoln\u00e9 pouzdro s funkc\u00ed WakeUp\/Sleep pro elektronick\u00e9 \u010dte\u010dky knih Amazon Kindle Paperwhite 2024, Kindle Paperwhite 2024 Signature Edition a Kindle Colorsoft Signature Edition. Kombinace tvrzen\u00e9ho ABS plastu a EKO k\u016f\u017ee.<\/p>\n","protected":false},"excerpt":{"rendered":"<p>Lehk\u00e9 a z\u00e1rove\u0148 odoln\u00e9 pouzdro s funkc\u00ed WakeUp\/Sleep pro elektronick\u00e9 \u010dte\u010dky knih Amazon Kindle Paperwhite 2024, Kindle Paperwhite 2024 Signature&hellip;<\/p>\n","protected":false},"featured_media":6813,"comment_status":"open","ping_status":"closed","template":"","meta":{"om_disable_all_campaigns":false,"_monsterinsights_skip_tracking":false,"_monsterinsights_sitenote_active":false,"_monsterinsights_sitenote_note":"","_monsterinsights_sitenote_category":0},"product_brand":[],"product_cat":[237,60],"product_tag":[],"class_list":{"0":"post-6800","1":"product","2":"type-product","3":"status-publish","4":"has-post-thumbnail","6":"product_cat-prislusenstvi-ke-cteckam-knih","7":"product_cat-vsechno","9":"first","10":"instock","11":"shipping-taxable","12":"purchasable","13":"product-type-variable","14":"has-default-attributes"},"jetpack_sharing_enabled":true,"_links":{"self":[{"href":"https:\/\/alabanda.cz\/index.php\/wp-json\/wp\/v2\/product\/6800","targetHints":{"allow":["GET"]}}],"collection":[{"href":"https:\/\/alabanda.cz\/index.php\/wp-json\/wp\/v2\/product"}],"about":[{"href":"https:\/\/alabanda.cz\/index.php\/wp-json\/wp\/v2\/types\/product"}],"replies":[{"embeddable":true,"href":"https:\/\/alabanda.cz\/index.php\/wp-json\/wp\/v2\/comments?post=6800"}],"wp:featuredmedia":[{"embeddable":true,"href":"https:\/\/alabanda.cz\/index.php\/wp-json\/wp\/v2\/media\/6813"}],"wp:attachment":[{"href":"https:\/\/alabanda.cz\/index.php\/wp-json\/wp\/v2\/media?parent=6800"}],"wp:term":[{"taxonomy":"product_brand","embeddable":true,"href":"https:\/\/alabanda.cz\/index.php\/wp-json\/wp\/v2\/product_brand?post=6800"},{"taxonomy":"product_cat","embeddable":true,"href":"https:\/\/alabanda.cz\/index.php\/wp-json\/wp\/v2\/product_cat?post=6800"},{"taxonomy":"product_tag","embeddable":true,"href":"https:\/\/alabanda.cz\/index.php\/wp-json\/wp\/v2\/product_tag?post=6800"}],"curies":[{"name":"wp","href":"https:\/\/api.w.org\/{rel}","templated":true}]}}