{"id":6833,"date":"2025-02-05T10:13:37","date_gmt":"2025-02-05T09:13:37","guid":{"rendered":"https:\/\/alabanda.cz\/?post_type=product&#038;p=6833"},"modified":"2025-09-27T18:39:12","modified_gmt":"2025-09-27T16:39:12","slug":"amazon-kindle-scribe","status":"publish","type":"product","link":"https:\/\/alabanda.cz\/index.php\/produkt\/amazon-kindle-scribe\/","title":{"rendered":"Amazon Kindle Scribe"},"content":{"rendered":"<table width=\"713\">\n<tbody>\n<tr>\n<td>Display<\/td>\n<td>Technologie Disple:E Ink; \u00dahlop\u0159\u00ed\u010dka displeje: <span class=\"value\">10,2&#8243; (25,91 cm)<\/span>; Podsv\u00edcen\u00ed displeje: Ano; Rozli\u0161en\u00ed v pixelech: QHD 2480 x 1860<\/td>\n<\/tr>\n<tr>\n<td>Rozm\u011bry<\/td>\n<td>\n<div class=\"cell1\">\n<div class=\"name typeName first hasPopupInfo\"><\/div>\n<\/div>\n<p>196mm x 230mm x 5,8mm (\u0161 x v x h)<\/td>\n<\/tr>\n<tr>\n<td>Hmotnost<\/td>\n<td>433g<\/td>\n<\/tr>\n<tr>\n<td>Syst\u00e9mov\u00e9 po\u017eadavky<\/td>\n<td>Ke stahov\u00e1n\u00ed knih nen\u00ed zapot\u0159eb\u00ed po\u010d\u00edta\u010d &#8211; \u010dte\u010dka funguje bezdr\u00e1tov\u011b (Wi-Fi).<\/td>\n<\/tr>\n<tr>\n<td>Pam\u011b\u0165<\/td>\n<td>\u010cte\u010dka dok\u00e1\u017ee uchovat tis\u00edce knih.<\/td>\n<\/tr>\n<tr>\n<td>Jazyk u\u017eivatelsk\u00e9ho prost\u0159ed\u00ed<\/td>\n<td><span class=\"value\">Angli\u010dtina, N\u011bm\u010dina<\/span><\/td>\n<\/tr>\n<tr>\n<td>Kapacita baterie<\/td>\n<td><span class=\"value\">3\u00a0000 mAh<\/span><\/td>\n<\/tr>\n<tr>\n<td>Bezdr\u00e1tovost<\/td>\n<td>\n<div class=\"cell1\">\n<div class=\"name typeName first hasPopupInfo\">Wifi, Bluetooth<\/div>\n<\/div>\n<\/td>\n<\/tr>\n<tr>\n<td>USB port<\/td>\n<td><span class=\"value\">USB-C<\/span><\/td>\n<\/tr>\n<tr>\n<td>Podporovan\u00e9 form\u00e1ty<\/td>\n<td>\n<div class=\"cell1\">\n<div class=\"name typeName first hasPopupInfo\">PDF, MOBI, AZW, HTML, DOCX, PRC, TXT, JPEG, JPG<\/div>\n<\/div>\n<\/td>\n<\/tr>\n<tr>\n<td>Amazon<\/td>\n<td>Po prvn\u00edm zapnut\u00ed \u010dte\u010dky je nutn\u00e9 si vybrat ke kter\u00e9mu \u00fa\u010dtu na Amazonu si svou \u010dte\u010dku p\u0159ihl\u00e1s\u00edte. Amazon poskytuje i technickou podporu.<\/td>\n<\/tr>\n<\/tbody>\n<\/table>\n","protected":false},"excerpt":{"rendered":"<p>Prvn\u00ed Kindle s mo\u017enost\u00ed ru\u010dn\u00edho psan\u00ed pozn\u00e1mek s matn\u00fdm 10,2&#8243; e-Ink displejem s rozli\u0161en\u00edm 300dpi. Integrov\u00e1no 35 LED pro \u010dten\u00ed za v\u0161ech sv\u011bteln\u00fdch podm\u00ednek. Bluetooth pro p\u0159ipojen\u00ed sluch\u00e1tek nebo repro. WiFi. Lze \u010d\u00edst a ps\u00e1t podobn\u011b jako na klasick\u00fd pap\u00edr. Ke \u010dte\u010dce Kindle Scribe nab\u00edz\u00edme i pouzdra\u00a0<a title=\"\" href=\"https:\/\/alabanda.cz\/index.php\/produkt\/pouzdro-pro-amazon-kindle-paperwhite-2024-colorsoft-b-safe-lock-2\/\">zde<\/a>.<\/p>\n","protected":false},"featured_media":6836,"comment_status":"open","ping_status":"closed","template":"","meta":{"om_disable_all_campaigns":false,"_monsterinsights_skip_tracking":false,"_monsterinsights_sitenote_active":false,"_monsterinsights_sitenote_note":"","_monsterinsights_sitenote_category":0},"product_brand":[],"product_cat":[118,60],"product_tag":[],"class_list":{"0":"post-6833","1":"product","2":"type-product","3":"status-publish","4":"has-post-thumbnail","6":"product_cat-ctecky-elektronickych-knih","7":"product_cat-vsechno","9":"first","10":"outofstock","11":"shipping-taxable","12":"purchasable","13":"product-type-variable","14":"has-default-attributes"},"jetpack_sharing_enabled":true,"_links":{"self":[{"href":"https:\/\/alabanda.cz\/index.php\/wp-json\/wp\/v2\/product\/6833","targetHints":{"allow":["GET"]}}],"collection":[{"href":"https:\/\/alabanda.cz\/index.php\/wp-json\/wp\/v2\/product"}],"about":[{"href":"https:\/\/alabanda.cz\/index.php\/wp-json\/wp\/v2\/types\/product"}],"replies":[{"embeddable":true,"href":"https:\/\/alabanda.cz\/index.php\/wp-json\/wp\/v2\/comments?post=6833"}],"wp:featuredmedia":[{"embeddable":true,"href":"https:\/\/alabanda.cz\/index.php\/wp-json\/wp\/v2\/media\/6836"}],"wp:attachment":[{"href":"https:\/\/alabanda.cz\/index.php\/wp-json\/wp\/v2\/media?parent=6833"}],"wp:term":[{"taxonomy":"product_brand","embeddable":true,"href":"https:\/\/alabanda.cz\/index.php\/wp-json\/wp\/v2\/product_brand?post=6833"},{"taxonomy":"product_cat","embeddable":true,"href":"https:\/\/alabanda.cz\/index.php\/wp-json\/wp\/v2\/product_cat?post=6833"},{"taxonomy":"product_tag","embeddable":true,"href":"https:\/\/alabanda.cz\/index.php\/wp-json\/wp\/v2\/product_tag?post=6833"}],"curies":[{"name":"wp","href":"https:\/\/api.w.org\/{rel}","templated":true}]}}