{"id":6838,"date":"2025-02-05T11:57:01","date_gmt":"2025-02-05T10:57:01","guid":{"rendered":"https:\/\/alabanda.cz\/?post_type=product&#038;p=6838"},"modified":"2026-03-22T21:30:11","modified_gmt":"2026-03-22T20:30:11","slug":"pouzdro-pro-amazon-kindle-paperwhite-2024-colorsoft-b-safe-lock-2","status":"publish","type":"product","link":"https:\/\/alabanda.cz\/index.php\/produkt\/pouzdro-pro-amazon-kindle-paperwhite-2024-colorsoft-b-safe-lock-2\/","title":{"rendered":"B-SAFE Stand pouzdro pro Amazon Kindle Scribe"},"content":{"rendered":"<p><strong>Pouzdro B-SAFE Stand pouzdro pro Amazon Kindle Scribe<br \/>\n<\/strong><\/p>\n<p>Pouzdro B-SAFE Stand je obal\u00a0 speci\u00e1ln\u011b pro elektronickou \u010dte\u010dku knih <strong>Amazon Kindle Scribe<\/strong>. D\u00edky skv\u011bl\u00e9mu designu lze pouzdro otev\u0159\u00edt a slo\u017eit jako <strong>stoj\u00e1nek<\/strong>, tak\u017ee si m\u016f\u017eete pohodln\u011b \u010d\u00edst sv\u00e9 obl\u00edben\u00e9 knihy.<\/p>\n<p><strong>Magnetick\u00fd z\u00e1mek a funkce Wakeup\/Sleep<\/strong><\/p>\n<p>Pouzdro je vybaveno magnetick\u00fdm z\u00e1mkem. Pouzdro tak dr\u017e\u00ed zav\u0159en\u00e9 a nehroz\u00ed necht\u011bn\u00e9 otev\u0159en\u00ed pouzdra.<\/p>\n<p>Pouzdro podporuje funkci Wakeup\/Sleep tedy automatick\u00e9 usp\u00e1n\u00ed a probuzen\u00ed \u010dte\u010dky po zav\u0159en\u00ed, respektive otev\u0159en\u00ed pouzdra.<\/p>\n<p>Pouzdro obsahuje vestav\u011bn\u00fd dr\u017e\u00e1k na dotykov\u00e9 pero.<\/p>\n<p>Ochr\u00e1n\u00ed p\u0159ed \u0161p\u00ednou i \u0161kr\u00e1banci.<\/p>\n<p>P\u0159edn\u00ed kryt oto\u010dn\u00fd o 360\u00b0 s mo\u017enost\u00ed slo\u017een\u00ed do op\u011brn\u00e9ho stoj\u00e1nku.<\/p>\n<p>Pouzdro B-SAFE Stand je navr\u017eeno p\u0159\u00edmo pro model Amazon Kindle Scribe.<\/p>\n<p>Materi\u00e1l pouzdra B-SAFE Stand pro Amazon Kindle Scribe: plast a um\u011bl\u00e1 k\u016f\u017ee.<\/p>\n<p><strong>Rozm\u011bry<\/strong><\/p>\n<p>Rozm\u011bry celkem \u010din\u00ed 23,3 \u00d7 20,7 \u00d7 1,5 cm<\/p>\n<p><strong>Hmotnost<\/strong><\/p>\n<p>Hmotnost pouzda je 150 g<\/p>\n","protected":false},"excerpt":{"rendered":"<p>Pouzdro B-SAFE Stand pouzdro pro Amazon Kindle Scribe Pouzdro B-SAFE Stand je obal\u00a0 speci\u00e1ln\u011b pro elektronickou \u010dte\u010dku knih Amazon Kindle&hellip;<\/p>\n","protected":false},"featured_media":6851,"comment_status":"open","ping_status":"closed","template":"","meta":{"om_disable_all_campaigns":false,"_monsterinsights_skip_tracking":false,"_monsterinsights_sitenote_active":false,"_monsterinsights_sitenote_note":"","_monsterinsights_sitenote_category":0},"product_brand":[],"product_cat":[237,60],"product_tag":[],"class_list":{"0":"post-6838","1":"product","2":"type-product","3":"status-publish","4":"has-post-thumbnail","6":"product_cat-prislusenstvi-ke-cteckam-knih","7":"product_cat-vsechno","9":"first","10":"instock","11":"shipping-taxable","12":"product-type-variable","13":"has-default-attributes"},"jetpack_sharing_enabled":true,"_links":{"self":[{"href":"https:\/\/alabanda.cz\/index.php\/wp-json\/wp\/v2\/product\/6838","targetHints":{"allow":["GET"]}}],"collection":[{"href":"https:\/\/alabanda.cz\/index.php\/wp-json\/wp\/v2\/product"}],"about":[{"href":"https:\/\/alabanda.cz\/index.php\/wp-json\/wp\/v2\/types\/product"}],"replies":[{"embeddable":true,"href":"https:\/\/alabanda.cz\/index.php\/wp-json\/wp\/v2\/comments?post=6838"}],"wp:featuredmedia":[{"embeddable":true,"href":"https:\/\/alabanda.cz\/index.php\/wp-json\/wp\/v2\/media\/6851"}],"wp:attachment":[{"href":"https:\/\/alabanda.cz\/index.php\/wp-json\/wp\/v2\/media?parent=6838"}],"wp:term":[{"taxonomy":"product_brand","embeddable":true,"href":"https:\/\/alabanda.cz\/index.php\/wp-json\/wp\/v2\/product_brand?post=6838"},{"taxonomy":"product_cat","embeddable":true,"href":"https:\/\/alabanda.cz\/index.php\/wp-json\/wp\/v2\/product_cat?post=6838"},{"taxonomy":"product_tag","embeddable":true,"href":"https:\/\/alabanda.cz\/index.php\/wp-json\/wp\/v2\/product_tag?post=6838"}],"curies":[{"name":"wp","href":"https:\/\/api.w.org\/{rel}","templated":true}]}}